(-8))/((-3)/(-24)). Suppose -2*r + 30 = 3*q, 4*q + 8 = 2*q. Suppose d = r - v. What is the units digit of d?
3
Suppose -5*k + 2*j = -0*j - 28, 0 = j + 4. Let v(l) = l**3 - l**2 - 6*l + 18. What is the units digit of v(k)?
2
Let k be (-15)/20 - (-57)/12. Suppose -k = -2*y + 6. Suppose 0 = 5*n - y*t - 213 - 127, -n - 2*t = -83. What is the tens digit of n?
7
Let u(h) = 48*h**2 + 17*h - 52. Suppose 82 = 3*i + 67. What is the tens digit of u(i)?
3
What is the units digit of 2527 - 26/91*-14?
1
Let h be (3 - (1 - -2))/((-12)/(-6)). Suppose -2*x + h*x = -0*x. Suppose -5*u - 2*b = -403, 0 = 4*u - x*u - 4*b - 328. What is the tens digit of u?
8
Let x(i) = -2*i**3 - 33*i**2 + 3 + 72*i**2 - 3*i - 39*i**2. What is the units digit of x(-4)?
3
Suppose 2*c + 2*a = 10, 17 = 3*c - a - 18. Suppose 26 = 2*v + c. What is the tens digit of (-282*(-3)/24)/(3/v)?
9
Let n(d) = -2*d**3 + 5*d**2 + 12*d + 96. What is the units digit of n(-8)?
4
Let v(n) be the second derivative of n**5/20 - 19*n**4/12 - 17*n**3/2 + n**2 - 218*n. What is the units digit of v(22)?
2
Suppose 9*a - 30211 = 16607. What is the units digit of a?
2
Suppose 5*s - 20372 = -6*a, -4*a + 2*a + 6772 = -3*s. What is the hundreds digit of a?
3
Suppose -7*s = 6*s - 4*s. Let g be -108 - 0 - (s - 4). Let j = 115 + g. What is the tens digit of j?
1
Let w(z) = 406*z + 111. What is the hundreds digit of w(6)?
5
What is the thousands digit of ((-23826)/95)/((-26)/1430)?
3
Let c(i) = 31*i**2 + 7*i - 63. Let a be c(7). Suppose 0 = -7*k - a + 5586. What is the hundreds digit of k?
5
Suppose -f = -x - 7 + 5, 5*f = 2*x + 19. Suppose -x*n + 3*r + 538 = -920, 5*n = -5*r + 2420. What is the hundreds digit of n?
4
Let i = -366 + 357. What is the hundreds digit of (1/(-2))/(i/1998)?
1
Suppose -2*p = -1438 - 956. Suppose -18*h + p = -729. What is the hundreds digit of h?
1
What is the thousands digit of 3 + -2 + 1092 - (13 + -16)?
1
Suppose f = 4*r - 8, -2*r + 2 + 2 = -5*f. Suppose 2*n - t - 2*t - 591 = f, 3*n - 879 = 2*t. What is the units digit of n?
1
Let y(r) = r**3 + 20*r**2 - 9*r - 9. Let p be y(-20). Let o = p - 140. What is the tens digit of o?
3
Let k be 14 + -21 - -2063*1. Suppose 0 = -2*p + k - 490. What is the units digit of p?
3
Let i(x) = 6*x**2 + 23*x - 1005. What is the thousands digit of i(-51)?
3
Suppose 15824877 = 727*h - 9169949 - 1182263. What is the ten thousands digit of h?
3
Let q = -5300 - -5663. What is the hundreds digit of q?
3
Let x be 2 + 2 - 2/2. Let h be 2/6 + 658/141. Suppose -2*m = h*d - x*d - 32, 3*m - 4*d - 27 = 0. What is the units digit of m?
3
Suppose -4*c - 4*i - 41 = -645, 613 = 4*c + i. Suppose -4*d - u = -197 - 111, -4*u + c = 2*d. Suppose l = d + 67. What is the hundreds digit of l?
1
What is the thousands digit of (-971)/(43/(-516)*(-3)/(-12))?
6
Let d(k) = k + 26. Let r be d(-11). What is the units digit of (12/(-75))/((-12)/4380)*r?
6
Let n = -81 + 778. Let x = n + -567. What is the units digit of x?
0
Suppose -d + 14 = -4*w, 5*w = d - 0*w - 17. Suppose -l + 7 = -d*l. What is the units digit of (147 - 2) + (-14)/l?
7
Suppose 56475 = 48*w + 66*w - 39399. What is the tens digit of w?
4
Let y = 68827 - 15756. What is the thousands digit of y?
3
Let s = 56 - 74. What is the units digit of (-5895)/s*24/20?
3
Suppose 2*f + 2*f + 968 = 2*l, 0 = -2*f - 3*l - 500. Let d = f - -268. What is the tens digit of d?
2
Suppose -365*v + 382*v - 233767 = 0. What is the ten thousands digit of v?
1
Let o(b) be the third derivative of 29*b**7/5040 - b**6/360 + b**5/30 + 6*b**2. Let l(w) be the third derivative of o(w). What is the units digit of l(1)?
7
Suppose 16063 = 31*q + 1183. Suppose 0*l = o + 2*l - q, -4*o + 2*l + 1870 = 0. What is the tens digit of o?
7
Let m = 9923 - -661. What is the thousands digit of m?
0
Let y(w) = w**2 + 7*w + 14. Let m be (3/2)/3 - (-39)/(-6). Let j be y(m). What is the tens digit of 11*(j + 0 + -3)?
5
Suppose 5*d + 0*d = 50. Suppose 4*k + d = -2*c, -2*k - 2*c - 10 = k. Suppose -5*p + 28 + 22 = k. What is the tens digit of p?
1
Let a(y) be the second derivative of y**4/12 + 2*y**3/3 - 3*y**2/2 + 9*y. Let o be (-2)/11 + (-90)/(-11). What is the units digit of a(o)?
3
Let r = 21900 - 15457. What is the tens digit of r?
4
Let x be 11 - 12 - 1/(-1). Let a be 24/(-8)*(-2 + x). What is the units digit of 3732/72 + 1/a?
2
Let q(i) = -i**3 - 5*i**2 + 4*i. Let u be q(-6). Let v be 7/5 - u/30. Let j = v - -53. What is the tens digit of j?
5
Let c(b) = -147*b**3 - 7*b**2 - 31*b - 15. What is the tens digit of c(-5)?
4
Suppose 3*o - 15 = -h, h = -3*h - 2*o + 70. Let y = 17 - h. What is the tens digit of y/(858/(-2954) - (-26)/91)?
1
Suppose 274 = 2*x + 270. Suppose -4*b + v = -587 - 977, 0 = -x*b - 4*v + 764. What is the tens digit of b?
9
Let f(k) = -4*k - 23. Let d be f(-7). Suppose -d*n = -7*n + 10. Suppose -n*h + 221 = -329. What is the units digit of h?
0
Suppose -t + 12 = t. Suppose -4*c = -26 + t. Suppose 126 = 3*k - 3*n, c*k - n = 2*k + 136. What is the units digit of k?
7
Suppose 1 = 3*c + 7. Let r be -3 - (12/(-4) + (-5 - c)). Suppose r*t - 244 = 2*l, 4*t + 5*l = 7*l + 326. What is the tens digit of t?
8
Let r be 0 + 1/5 + 240/50. Suppose -102 + 482 = r*i. Suppose d - i = 122. What is the tens digit of d?
9
What is the hundreds digit of ((-4359)/(-3))/(14/70)?
2
Let f(h) = -7*h**2 - 46*h - 2. Let j be f(-6). Let l be 1 + 682 - (j - 17). Suppose 2*b + 984 = 4*c, 0 = -4*c - b + 312 + l. What is the hundreds digit of c?
2
Suppose 0 = -6*y - 36 + 84. Suppose 0 = y*a + 3*a - 5863. What is the units digit of a?
3
Suppose -47208 - 147630 = -19*r + 84804. What is the tens digit of r?
1
Suppose 4*c - 8240 = 2*t + 46064, -3*c - 4*t + 40717 = 0. What is the hundreds digit of c?
5
Let n be -1048*((-21)/14 + -4). Suppose -1480 = -2*b - 3*z + 1402, n = 4*b + z. What is the units digit of b?
1
Let o = -563 + 1100. Suppose 951 = 3*c - o. Suppose c = 4*r + 3*k + 145, -3*r - 2*k + 262 = 0. What is the units digit of r?
4
Suppose 4807 = 16*q - 99033. What is the tens digit of q?
9
Suppose 2*y + 55 = g - 73, -134 = 2*y + 2*g. Let u = 334 - 215. Let p = u + y. What is the tens digit of p?
5
Let j(c) = 83*c + 54. Let d(r) = -2*r + 8. Let a be d(2). What is the units digit of j(a)?
6
Suppose 40 = 2*k + 4*x - 42, k - 29 = 2*x. Let y = -6613 + 6595. Let r = k + y. What is the units digit of r?
7
What is the hundreds digit of (-3 - (-46327)/2)/(10/20)?
3
Suppose -3*m = -3*z + 237, 4*z + 59 = -m + z. Let u = m + 39. What is the tens digit of (-121)/(-7) - (-1 + (-45)/u)?
1
Let g = 3192 - 3151. Suppose 2*m = -71 + 413. Let v = g + m. What is the tens digit of v?
1
Suppose t - 3*r - 11 = 0, 4*t - 2*r = -5*r + 14. Suppose -70 = -t*y - 3*z + 410, -5*y + 450 = -3*z. What is the units digit of y?
3
Suppose -5*g + 2285 = 2*n - 2930, 3*n - 7812 = 3*g. What is the tens digit of n?
0
Let t(v) = -v**2 + 6*v + 12. Let h be t(8). Let s be (2/h)/(6/(-4) - -1). What is the units digit of 1 - (-9 - 6) - s*-2?
8
Let y be 5*(-4 + 1 - 0). Let u be -6*(-10)/y*6. What is the units digit of 4*3/u - (-570)/4?
2
Suppose -4*a + 106 = -2*d, -2*a - 2*a + 101 = -3*d. Suppose -a*h + 153 = -26*h. Let q = -45 + h. What is the units digit of q?
6
Let v = -3062 + 8596. What is the thousands digit of v?
5
Let o be 3 - (795 + 2) - 2/(-1). What is the tens digit of o/(-126)*(-14)/(-4)?
2
Let z(f) = 3*f + 169. Let s be z(-19). Suppose n - 983 = -b - s, 4*b = -n + 3475. What is the units digit of b?
8
Suppose 3*h - 90894 = -3*m, -111*m = h - 112*m - 30314. What is the units digit of h?
6
Let y(l) = l**3 - 11*l**2 - 24*l - 3. Let t be y(13). Let f = 252 - t. What is the tens digit of f?
2
Let o be (-55 + 2)/(-4 + 5). Let n = 188 + o. Let y = n - 82. What is the units digit of y?
3
Let d(l) be the third derivative of 5*l**4/24 - 9*l**3 - 28*l**2. Let a be d(10). What is the units digit of a + 3 + 205/1?
4
Suppose -104*n + 106*n = -2*o + 4474, -5*o + n = -11191. What is the units digit of o?
8
Let p(z) = 95*z + 39 + 24 - 73*z + 48*z**2 + 37*z**2. What is the units digit of p(-3)?
2
Let k be -2 + 28/13 - (-100)/26. Let i be 300/(-165) + k/(-22). What is the hundreds digit of (-2)/(-4)*(i - -334)?
1
Let t = 3899 + -463. What is the tens digit of t?
3
Let v(y) = 6*y - 28. Suppose -5*c = -12*c + 7. Let n be (-750)/(-36) - 1 - c/(